is divided by 665?
575
What is the remainder when 1124470 is divided by 945?
865
What is the remainder when 688158617 is divided by 10?
7
What is the remainder when 149926 is divided by 515?
61
Calculate the remainder when 341844 is divided by 5034.
4566
Calculate the remainder when 51234 is divided by 8511.
168
What is the remainder when 47986374 is divided by 17?
15
Calculate the remainder when 1760275 is divided by 293068.
1867
Calculate the remainder when 363244 is divided by 21.
7
Calculate the remainder when 11323369 is divided by 306.
145
Calculate the remainder when 74434 is divided by 3234.
52
What is the remainder when 40571714 is divided by 14?
8
Calculate the remainder when 3339759 is divided by 730.
9
What is the remainder when 3462966 is divided by 314805?
111
Calculate the remainder when 62707 is divided by 62306.
401
What is the remainder when 55086 is divided by 18357?
15
What is the remainder when 44341 is divided by 6315?
136
Calculate the remainder when 1483465 is divided by 36.
13
Calculate the remainder when 12273581 is divided by 1767.
1766
What is the remainder when 850825 is divided by 1395?
1270
What is the remainder when 56572749 is divided by 628?
625
What is the remainder when 12999754 is divided by 576?
10
Calculate the remainder when 74126866 is divided by 988358.
16
Calculate the remainder when 1701485 is divided by 311.
4
What is the remainder when 702953 is divided by 1997?
9
What is the remainder when 3518687 is divided by 703733?
22
Calculate the remainder when 4991423 is divided by 185.
123
What is the remainder when 733776 is divided by 80?
16
Calculate the remainder when 355300742 is divided by 7723929.
8
Calculate the remainder when 2554565 is divided by 151.
98
Calculate the remainder when 10800886 is divided by 53206.
68
Calculate the remainder when 143877 is divided by 14368.
197
What is the remainder when 3219139 is divided by 41?
24
What is the remainder when 56913 is divided by 5156?
197
What is the remainder when 231503 is divided by 9253?
178
What is the remainder when 604751 is divided by 31829?
0
What is the remainder when 1395920 is divided by 1179?
1163
Calculate the remainder when 3566445 is divided by 3355.
80
Calculate the remainder when 104235116 is divided by 36.
32
What is the remainder when 786083 is divided by 27?
5
Calculate the remainder when 5842 is divided by 5597.
245
What is the remainder when 433243 is divided by 4790?
2143
What is the remainder when 59438 is divided by 8905?
6008
What is the remainder when 584653 is divided by 812?
13
Calculate the remainder when 552612 is divided by 100.
12
Calculate the remainder when 92335631 is divided by 1199164.
3
Calculate the remainder when 32886218 is divided by 28.
22
What is the remainder when 8798255 is divided by 120524?
3
Calculate the remainder when 7011696 is divided by 212475.
21
Calculate the remainder when 63011700 is divided by 150.
0
Calculate the remainder when 35687 is divided by 3777.
1694
Calculate the remainder when 331338 is divided by 820.
58
What is the remainder when 5369352 is divided by 837?
834
What is the remainder when 306350 is divided by 372?
194
Calculate the remainder when 72886073 is divided by 24295355.
8
What is the remainder when 44907783 is divided by 14?
11
Calculate the remainder when 97475 is divided by 16226.
119
Calculate the remainder when 326863 is divided by 326857.
6
What is the remainder when 109283 is divided by 54621?
41
Calculate the remainder when 32826569 is divided by 2702.
2673
Calculate the remainder when 66259 is divided by 6242.
3839
What is the remainder when 598661 is divided by 2100?
161
Calculate the remainder when 4064663 is divided by 23.
11
What is the remainder when 598786233 is divided by 996?
993
What is the remainder when 72474401 is divided by 2438?
2413
What is the remainder when 75965 is divided by 23942?
4139
What is the remainder when 198764 is divided by 29?
27
Calculate the remainder when 5742 is divided by 111.
81
What is the remainder when 9237061 is divided by 106?
9
What is the remainder when 23087 is divided by 7596?
299
Calculate the remainder when 2985701 is divided by 1528.
1517
Calculate the remainder when 7436086 is divided by 499.
487
What is the remainder when 998015 is divided by 64?
63
Calculate the remainder when 53923 is divided by 17830.
433
Calculate the remainder when 578788141 is divided by 3551.
3549
What is the remainder when 20232 is divided by 3120?
1512
What is the remainder when 1814833 is divided by 27086?
71
What is the remainder when 34159959 is divided by 428?
423
Calculate the remainder when 36264382 is divided by 48.
46
Calculate the remainder when 4529970 is divided by 754972.
138
Calculate the remainder when 52996 is divided by 8811.
130
Calculate the remainder when 1529053 is divided by 61161.
28
What is the remainder when 29540253 is divided by 12?
9
Calculate the remainder when 726727 is divided by 873.
391
Calculate the remainder when 991887 is divided by 555.
102
What is the remainder when 2622435 is divided by 146?
129
What is the remainder when 6272423 is divided by 3317?
3293
What is the remainder when 437391 is divided by 11918?
8343
Calculate the remainder when 14075488 is divided by 43.
40
What is the remainder when 51163 is divided by 8510?
103
Calculate the remainder when 6664335 is divided by 921.
900
What is the remainder when 653050 is divided by 126?
118
What is the remainder when 17159054 is divided by 47?
12
Calculate the remainder when 1092686 is divided by 57508.
34
Calculate the remainder when 1184370 is divided by 131.
130
Calculate the remainder when 5133956 is divided by 3514.
2
Calculate the remainder when 234699 is divided by 78219.
42
Calculate the remainder when 3054399 is divided by 36.
15
What is the remainder when 55037 is divided by 10952?
277
What is the remainder when 1322506 is divided by 35?
31
What is the remainder when 50727375 is divided by 319?
314
What is the remainder when 2885492 is divided by 568?
52
Calculate the remainder when 1406508 is divided by 435.
153
What is the remainder when 3963169 is divided by 63922?
5
Calculate the remainder when 141284 is divided by 15694.
38
Calculate the remainder when 207397 is divided by 1469.
268
Calculate the remainder when 43816 is divided by 1460.
16
What is the remainder when 3883 is divided by 591?
337
Calculate the remainder when 72442316 is divided by 18110576.
12
Calculate the remainder when 73693 is divided by 164.
57
What is the remainder when 3695743 is divided by 1847859?
25
What is the remainder when 153661497 is divided by 10?
7
What is the remainder when 3264993 is divided by 60?
33
Calculate the remainder when 8174156 is divided by 37496.
28
Calculate the remainder when 27385016 is divided by 1521389.
14
Calculate the remainder when 7384693 is divided by 38.
1
What is the remainder when 84525 is divided by 1632?
1293
What is the remainder when 405646 is divided by 159?
37
What is the remainder when 938492 is divided by 5793?
26
What is the remainder when 13135 is divided by 4130?
745
What is the remainder when 5668538 is divided by 3020?
3018
What is the remainder when 285064 is divided by 94789?
697
Calculate the remainder when 4236555 is divided by 165.
15
Calculate the remainder when 4009258 is divided by 69.
13
What is the remainder when 873724 is divided by 74?
6
Calculate the remainder when 16165824 is divided by 518.
80
Calculate the remainder when 56240 is divided by 7953.
569
What is the remainder when 165698317 is divided by 27?
19
Calculate the remainder when 8580332 is divided by 182560.
12
What is the remainder when 54111259 is divided by 826?
825
What is the remainder when 587127 is divided by 24239?
5391
Calculate the remainder when 2758246 is divided by 275824.
6
What is the remainder when 989246 is divided by 377?
375
Calculate the remainder when 534551 is divided by 245.
206
What is the remainder when 196823 is divided by 78?
29
Calculate the remainder when 112255013 is divided by 114.
11
Calculate the remainder when 2455615 is divided by 350800.
15
What is the remainder when 306026 is divided by 1324?
182
Calculate the remainder when 4423137 is divided by 148.
9
Calculate the remainder when 5136420 is divided